{"id":197,"date":"2022-11-27T23:55:49","date_gmt":"2022-11-27T23:55:49","guid":{"rendered":"https:\/\/csodavolgy.hu\/?page_id=197"},"modified":"2023-10-09T20:41:10","modified_gmt":"2023-10-09T20:41:10","slug":"elementor-197","status":"publish","type":"page","link":"https:\/\/csodavolgy.hu\/?page_id=197","title":{"rendered":"R\u00f3lunk"},"content":{"rendered":"<p>Borsod megy\u00e9ben \u00d3zdt\u00f3l 15 kilom\u00e9terre tal\u00e1lhat\u00f3 egy kis zs\u00e1kfalu, Kissik\u00e1tor, melynek k\u00fclter\u00fclet\u00e9n vannak apartmanjaink Telekes-v\u00f6lgyben az erd\u0151 sz\u00e9l\u00e9n, patak partj\u00e1n. Nyugalom \u00e9s k\u00e9nyelem a term\u00e9szet k\u00f6zep\u00e9n mad\u00e1rcsicserg\u00e9sre \u00e9bredve \u00e9s ezer csillaggal este.<\/p>\n<p>&nbsp;<\/p>\n\n\n<p><\/p>\n\n\n\n<p><\/p>\n\n\n\n<blockquote class=\"wp-block-quote\">\n<p>Amikor meg\u00e1lmodtuk a Csodav\u00f6lgyet, olyan helyet \u00e1lmodtunk meg, ahol otthon \u00e9rezheti mag\u00e1t feln\u0151tt \u00e9s gyermek egyar\u00e1nt.<br>Ahol nyugalomban egy\u00fctt lehetnek a p\u00e1rok, kikapcsol\u00f3dhatnak a csal\u00e1dok, \u00e9s j\u00f3l sz\u00f3rakozhatnak egy\u00fctt a bar\u00e1tok. Ahol k\u00e9nyelmesen elt\u00f6lthet b\u00e1rki p\u00e1r napot a term\u00e9szet \u00f6l\u00e9n teljes nyugalomban, hiszen t\u00f6bb sz\u00e1z m\u00e9terre van a falu lakott ter\u00fclet\u00e9t\u0151l. Csal\u00e1dunk sz\u00edve \u00e9s lelke benne van az \u00e9p\u00edtkez\u00e9sben, berendez\u00e9sben, dekor\u00e1l\u00e1sban. Itt minden rendelkez\u00e9sre \u00e1ll a teljes kikapcsol\u00f3d\u00e1shoz, hiszen \u00faj \u00e9p\u00edt\u00e9s\u0171, \u00f6sszkomfortos, l\u00e9gkondicion\u00e1lt apartmanjaink mindennel fel vannak szerelve, szaunah\u00e1z, d\u00e9zsaf\u00fcrd\u0151, jakuzzi biztos\u00edtja a t\u00f6k\u00e9letes wellness\u00e9lm\u00e9nyt, rendezv\u00e9nyterm\u00fcnk pedig 60 f\u0151 r\u00e9sz\u00e9re is t\u00f6k\u00e9letes helysz\u00edn b\u00e1rmilyen \u00f6sszej\u00f6vetelre.<\/p>\n<\/blockquote>\n\n\n\n<p><\/p>\n\n\n<p>&nbsp;<\/p>\n<p>Szeretettel v\u00e1rjuk kedves vend\u00e9geinket!<\/p>\n<p>&nbsp;<\/p>\n\n\n<figure class=\"wp-block-image size-large\"><img decoding=\"async\" loading=\"lazy\" width=\"1024\" height=\"683\" src=\"https:\/\/csodavolgy.hu\/wp-content\/uploads\/2023\/05\/307860977_5129614320493632_9078136025443928198_n-1024x683.jpg\" alt=\"\" class=\"wp-image-807\" srcset=\"https:\/\/csodavolgy.hu\/wp-content\/uploads\/2023\/05\/307860977_5129614320493632_9078136025443928198_n-1024x683.jpg 1024w, https:\/\/csodavolgy.hu\/wp-content\/uploads\/2023\/05\/307860977_5129614320493632_9078136025443928198_n-300x200.jpg 300w, https:\/\/csodavolgy.hu\/wp-content\/uploads\/2023\/05\/307860977_5129614320493632_9078136025443928198_n-768x512.jpg 768w, https:\/\/csodavolgy.hu\/wp-content\/uploads\/2023\/05\/307860977_5129614320493632_9078136025443928198_n-1536x1024.jpg 1536w, https:\/\/csodavolgy.hu\/wp-content\/uploads\/2023\/05\/307860977_5129614320493632_9078136025443928198_n-225x150.jpg 225w, https:\/\/csodavolgy.hu\/wp-content\/uploads\/2023\/05\/307860977_5129614320493632_9078136025443928198_n-120x80.jpg 120w, https:\/\/csodavolgy.hu\/wp-content\/uploads\/2023\/05\/307860977_5129614320493632_9078136025443928198_n-394x263.jpg 394w, https:\/\/csodavolgy.hu\/wp-content\/uploads\/2023\/05\/307860977_5129614320493632_9078136025443928198_n-915x610.jpg 915w, https:\/\/csodavolgy.hu\/wp-content\/uploads\/2023\/05\/307860977_5129614320493632_9078136025443928198_n-1240x826.jpg 1240w, https:\/\/csodavolgy.hu\/wp-content\/uploads\/2023\/05\/307860977_5129614320493632_9078136025443928198_n-1620x1080.jpg 1620w, https:\/\/csodavolgy.hu\/wp-content\/uploads\/2023\/05\/307860977_5129614320493632_9078136025443928198_n.jpg 2048w\" sizes=\"(max-width: 1024px) 100vw, 1024px\" \/><\/figure>\n\n\n\n<figure class=\"wp-block-image size-large\"><img decoding=\"async\" loading=\"lazy\" width=\"1024\" height=\"576\" src=\"https:\/\/csodavolgy.hu\/wp-content\/uploads\/2023\/05\/297756176_1027807061221409_6409955115783039629_n-1024x576.jpg\" alt=\"\" class=\"wp-image-809\" srcset=\"https:\/\/csodavolgy.hu\/wp-content\/uploads\/2023\/05\/297756176_1027807061221409_6409955115783039629_n-1024x576.jpg 1024w, https:\/\/csodavolgy.hu\/wp-content\/uploads\/2023\/05\/297756176_1027807061221409_6409955115783039629_n-300x169.jpg 300w, https:\/\/csodavolgy.hu\/wp-content\/uploads\/2023\/05\/297756176_1027807061221409_6409955115783039629_n-768x432.jpg 768w, https:\/\/csodavolgy.hu\/wp-content\/uploads\/2023\/05\/297756176_1027807061221409_6409955115783039629_n-1536x864.jpg 1536w, https:\/\/csodavolgy.hu\/wp-content\/uploads\/2023\/05\/297756176_1027807061221409_6409955115783039629_n-267x150.jpg 267w, https:\/\/csodavolgy.hu\/wp-content\/uploads\/2023\/05\/297756176_1027807061221409_6409955115783039629_n-142x80.jpg 142w, https:\/\/csodavolgy.hu\/wp-content\/uploads\/2023\/05\/297756176_1027807061221409_6409955115783039629_n-394x222.jpg 394w, https:\/\/csodavolgy.hu\/wp-content\/uploads\/2023\/05\/297756176_1027807061221409_6409955115783039629_n-915x515.jpg 915w, https:\/\/csodavolgy.hu\/wp-content\/uploads\/2023\/05\/297756176_1027807061221409_6409955115783039629_n-1240x698.jpg 1240w, https:\/\/csodavolgy.hu\/wp-content\/uploads\/2023\/05\/297756176_1027807061221409_6409955115783039629_n-1920x1080.jpg 1920w, https:\/\/csodavolgy.hu\/wp-content\/uploads\/2023\/05\/297756176_1027807061221409_6409955115783039629_n.jpg 2016w\" sizes=\"(max-width: 1024px) 100vw, 1024px\" \/><\/figure>\n\n\n\n<figure class=\"wp-block-image size-full is-resized\"><img decoding=\"async\" loading=\"lazy\" src=\"https:\/\/csodavolgy.hu\/wp-content\/uploads\/2023\/05\/kozossegi-terem.jpg\" alt=\"\" class=\"wp-image-814\" width=\"567\" height=\"319\" srcset=\"https:\/\/csodavolgy.hu\/wp-content\/uploads\/2023\/05\/kozossegi-terem.jpg 640w, https:\/\/csodavolgy.hu\/wp-content\/uploads\/2023\/05\/kozossegi-terem-300x169.jpg 300w, https:\/\/csodavolgy.hu\/wp-content\/uploads\/2023\/05\/kozossegi-terem-267x150.jpg 267w, https:\/\/csodavolgy.hu\/wp-content\/uploads\/2023\/05\/kozossegi-terem-142x80.jpg 142w, https:\/\/csodavolgy.hu\/wp-content\/uploads\/2023\/05\/kozossegi-terem-394x222.jpg 394w\" sizes=\"(max-width: 567px) 100vw, 567px\" \/><\/figure>\n\n\n\n<figure class=\"wp-block-image size-large\"><img decoding=\"async\" loading=\"lazy\" width=\"1024\" height=\"576\" src=\"https:\/\/csodavolgy.hu\/wp-content\/uploads\/2023\/05\/20230506_130434-1024x576.jpg\" alt=\"\" class=\"wp-image-815\" srcset=\"https:\/\/csodavolgy.hu\/wp-content\/uploads\/2023\/05\/20230506_130434-1024x576.jpg 1024w, https:\/\/csodavolgy.hu\/wp-content\/uploads\/2023\/05\/20230506_130434-300x169.jpg 300w, https:\/\/csodavolgy.hu\/wp-content\/uploads\/2023\/05\/20230506_130434-768x432.jpg 768w, https:\/\/csodavolgy.hu\/wp-content\/uploads\/2023\/05\/20230506_130434-1536x864.jpg 1536w, https:\/\/csodavolgy.hu\/wp-content\/uploads\/2023\/05\/20230506_130434-2048x1152.jpg 2048w, https:\/\/csodavolgy.hu\/wp-content\/uploads\/2023\/05\/20230506_130434-267x150.jpg 267w, https:\/\/csodavolgy.hu\/wp-content\/uploads\/2023\/05\/20230506_130434-142x80.jpg 142w, https:\/\/csodavolgy.hu\/wp-content\/uploads\/2023\/05\/20230506_130434-394x222.jpg 394w, https:\/\/csodavolgy.hu\/wp-content\/uploads\/2023\/05\/20230506_130434-915x515.jpg 915w, https:\/\/csodavolgy.hu\/wp-content\/uploads\/2023\/05\/20230506_130434-1240x698.jpg 1240w, https:\/\/csodavolgy.hu\/wp-content\/uploads\/2023\/05\/20230506_130434-1920x1080.jpg 1920w\" sizes=\"(max-width: 1024px) 100vw, 1024px\" \/><\/figure>\n\n\n\n<figure class=\"wp-block-image size-large\"><img decoding=\"async\" loading=\"lazy\" width=\"1024\" height=\"576\" src=\"https:\/\/csodavolgy.hu\/wp-content\/uploads\/2023\/05\/20230506_124259-1024x576.jpg\" alt=\"\" class=\"wp-image-816\" srcset=\"https:\/\/csodavolgy.hu\/wp-content\/uploads\/2023\/05\/20230506_124259-1024x576.jpg 1024w, https:\/\/csodavolgy.hu\/wp-content\/uploads\/2023\/05\/20230506_124259-300x169.jpg 300w, https:\/\/csodavolgy.hu\/wp-content\/uploads\/2023\/05\/20230506_124259-768x432.jpg 768w, https:\/\/csodavolgy.hu\/wp-content\/uploads\/2023\/05\/20230506_124259-1536x864.jpg 1536w, https:\/\/csodavolgy.hu\/wp-content\/uploads\/2023\/05\/20230506_124259-2048x1152.jpg 2048w, https:\/\/csodavolgy.hu\/wp-content\/uploads\/2023\/05\/20230506_124259-267x150.jpg 267w, https:\/\/csodavolgy.hu\/wp-content\/uploads\/2023\/05\/20230506_124259-142x80.jpg 142w, https:\/\/csodavolgy.hu\/wp-content\/uploads\/2023\/05\/20230506_124259-394x222.jpg 394w, https:\/\/csodavolgy.hu\/wp-content\/uploads\/2023\/05\/20230506_124259-915x515.jpg 915w, https:\/\/csodavolgy.hu\/wp-content\/uploads\/2023\/05\/20230506_124259-1240x698.jpg 1240w, https:\/\/csodavolgy.hu\/wp-content\/uploads\/2023\/05\/20230506_124259-1920x1080.jpg 1920w\" sizes=\"(max-width: 1024px) 100vw, 1024px\" \/><\/figure>\n","protected":false},"excerpt":{"rendered":"<p>Borsod megy\u00e9ben \u00d3zdt\u00f3l 15 kilom\u00e9terre tal\u00e1lhat\u00f3 egy kis zs\u00e1kfalu, Kissik\u00e1tor, melynek k\u00fclter\u00fclet\u00e9n vannak apartmanjaink Telekes-v\u00f6lgyben az erd\u0151 sz\u00e9l\u00e9n, patak partj\u00e1n. Nyugalom \u00e9s k\u00e9nyelem a term\u00e9szet k\u00f6zep\u00e9n mad\u00e1rcsicserg\u00e9sre \u00e9bredve \u00e9s ezer csillaggal este. &nbsp; Amikor meg\u00e1lmodtuk a Csodav\u00f6lgyet, olyan helyet \u00e1lmodtunk &hellip; <a href=\"https:\/\/csodavolgy.hu\/?page_id=197\">Read More<\/a><\/p>\n","protected":false},"author":1,"featured_media":0,"parent":0,"menu_order":14,"comment_status":"closed","ping_status":"closed","template":"","meta":{"ngg_post_thumbnail":0},"_links":{"self":[{"href":"https:\/\/csodavolgy.hu\/index.php?rest_route=\/wp\/v2\/pages\/197"}],"collection":[{"href":"https:\/\/csodavolgy.hu\/index.php?rest_route=\/wp\/v2\/pages"}],"about":[{"href":"https:\/\/csodavolgy.hu\/index.php?rest_route=\/wp\/v2\/types\/page"}],"author":[{"embeddable":true,"href":"https:\/\/csodavolgy.hu\/index.php?rest_route=\/wp\/v2\/users\/1"}],"replies":[{"embeddable":true,"href":"https:\/\/csodavolgy.hu\/index.php?rest_route=%2Fwp%2Fv2%2Fcomments&post=197"}],"version-history":[{"count":34,"href":"https:\/\/csodavolgy.hu\/index.php?rest_route=\/wp\/v2\/pages\/197\/revisions"}],"predecessor-version":[{"id":955,"href":"https:\/\/csodavolgy.hu\/index.php?rest_route=\/wp\/v2\/pages\/197\/revisions\/955"}],"wp:attachment":[{"href":"https:\/\/csodavolgy.hu\/index.php?rest_route=%2Fwp%2Fv2%2Fmedia&parent=197"}],"curies":[{"name":"wp","href":"https:\/\/api.w.org\/{rel}","templated":true}]}}