{"id":282,"date":"2022-12-07T08:55:07","date_gmt":"2022-12-07T08:55:07","guid":{"rendered":"https:\/\/csodavolgy.hu\/?page_id=282"},"modified":"2023-03-18T10:28:39","modified_gmt":"2023-03-18T10:28:39","slug":"hazirend","status":"publish","type":"page","link":"https:\/\/csodavolgy.hu\/?page_id=282","title":{"rendered":"H\u00e1zirend"},"content":{"rendered":"\n<p><strong><em>A Csodav\u00f6lgy Apartmanok \u00fcdv\u00f6zli \u00d6nt vend\u00e9gei k\u00f6r\u00e9ben.<\/em><\/strong><\/p>\n\n\n\n<p><\/p>\n\n\n\n<p><strong>-A megadott \u00e9rkez\u00e9si\/elutaz\u00e1si id\u0151pontban a tulajdonos vagy az apartman &nbsp;k\u00e9pvisel\u0151je jelen van (ig\u00e9ny eset\u00e9n)<\/strong><\/p>\n\n\n\n<p><strong>-24 \u00f3r\u00e1s \u00fcgyeleti szolg\u00e1ltat\u00e1s telefonon: +36 70&nbsp;619 4512<\/strong><\/p>\n\n\n\n<p><strong>-Takar\u00edt\u00e1s hetente egyszer \u00e1gynem\u0171 \u00e9s t\u00f6r\u00f6lk\u00f6z\u0151 cser\u00e9vel<\/strong><\/p>\n\n\n\n<p><strong>1<\/strong>. \u00c9rkez\u00e9skor a bejelent\u00e9s miatt k\u00e9rj\u00fck megmutatni szem\u00e9lyes dokumentumaikat (\u00fatlev\u00e9l vagy f\u00e9nyk\u00e9pes igazolv\u00e1ny) \u00e9s \u00e1tadni a helysz\u00ednen fizetend\u0151 \u00f6sszeget, ami a sz\u00e1ll\u00e1s foglal\u00f3k\u00e9nt \u00e1tutalt \u00e9s levont d\u00edj\u00e1b\u00f3l \u00e9s a helyi IFA mindenkori \u00f6sszeg\u00e9b\u0151l \u00e1ll.<br>A sz\u00e1ll\u00e1shely az \u00e9rkez\u00e9s napj\u00e1n 14 \u00f3r\u00e1t\u00f3l, az elutaz\u00e1s napj\u00e1n d\u00e9lel\u0151tt 11 \u00f3r\u00e1ig \u00e1ll rendelkez\u00e9sre. Egy\u00e9b lehet\u0151s\u00e9gek el\u0151zetes egyeztet\u00e9s alapj\u00e1n, rugalmasan int\u00e9zhet\u0151k.<\/p>\n\n\n\n<p><strong>2<\/strong>. A sz\u00e1ll\u00e1shely v\u00e9gleges elhagy\u00e1sakor a kulcsot le kell adnia sz\u00e1ll\u00e1sad\u00f3 r\u00e9sz\u00e9re. Ennek id\u0151pontj\u00e1r\u00f3l el\u0151re t\u00e1j\u00e9koztassa a sz\u00e1ll\u00e1sad\u00f3t!<\/p>\n\n\n\n<p><strong>3<\/strong>. A megegyezett id\u0151pont el\u0151tti elutaz\u00e1st csak kiv\u00e9teles esetben t\u00e9r\u00edt\u00fcnk vissza.<\/p>\n\n\n\n<p><strong>4<\/strong>. Az apartman elhagy\u00e1sakor az \u00e1tvett TV, l\u00e9gkondicion\u00e1l\u00f3 kapcsol\u00f3kat vissza kell adni.<br><strong>Az apartman elhagy\u00e1sakor az ablakokat k\u00e9rj\u00fck bez\u00e1rni, \u00e9s a kl\u00edm\u00e1t kikapcsolni!<\/strong><\/p>\n\n\n\n<p><strong>5<\/strong>.&nbsp;A sz\u00e1ll\u00e1shelyet csak az el\u0151re egyeztetett l\u00e9tsz\u00e1mban vehetik ig\u00e9nybe a vend\u00e9gek.<\/p>\n\n\n\n<p><strong>6<\/strong>. A sz\u00e1ll\u00e1sad\u00f3 jogosult \u2013 el\u0151zetes bejelent\u00e9s n\u00e9lk\u00fcl \u2013 ellen\u0151rizni, hogy a sz\u00e1ll\u00e1shelyen az el\u0151re bejelentett illetve kifizetett l\u00e9tsz\u00e1mban tart\u00f3zkodnak-e a vend\u00e9gek. Az ellen\u0151rz\u00e9s nem j\u00e1rhat a vend\u00e9g zaklat\u00e1s\u00e1val \u00e9s az ellen\u0151rz\u00e9s, takar\u00edt\u00e1s sor\u00e1n a vend\u00e9g szem\u00e9lyis\u00e9gi jogai tiszteletben tart\u00e1s\u00e1val kell elj\u00e1rni.<\/p>\n\n\n\n<p><strong>7<\/strong>. A vend\u00e9geink l\u00e1togat\u00f3t nappal (8 \u00e9s 20 \u00f3ra k\u00f6z\u00f6tt) a sz\u00e1ll\u00e1sad\u00f3val t\u00f6rt\u00e9n\u0151 el\u0151zetes egyeztet\u00e9ssel fogadhatnak.<\/p>\n\n\n\n<p><strong>8<\/strong>. H\u00e1zi\u00e1llatot tilos az apartmanba bevinni.<\/p>\n\n\n\n<p><strong>9<\/strong>. A tulajdonosoknak jogukban \u00e1ll lemondani a sz\u00e1ll\u00e1st, ha a vend\u00e9g nem tartja be a h\u00e1zirendet, ha megbontja a b\u00e9k\u00e9t. Minden vita, amit nem lehet megbesz\u00e9lni egym\u00e1s k\u00f6z\u00f6tt Polg\u00e1ri Peres \u00faton ker\u00fcl rendez\u00e9sre!<\/p>\n\n\n\n<p><strong>10<\/strong>. Az \u00e1tadott kulcsok esetleges elveszt\u00e9se eset\u00e9n a vend\u00e9gek k\u00f6telesek azt halad\u00e9ktalanul jelezni \u00e9s annak \u00e1r\u00e1t, illetve a z\u00e1rcser\u00e9t a sz\u00e1ll\u00e1sad\u00f3nak megt\u00e9r\u00edteni.<\/p>\n\n\n\n<p><strong>11<\/strong>. A vend\u00e9gek \u00e1ltal a nem rendeltet\u00e9sszer\u0171 haszn\u00e1lattal okozott k\u00e1r\u00e9rt a vend\u00e9gek anyagi felel\u0151ss\u00e9ggel tartoznak, a k\u00e1rt k\u00f6zvetlen\u00fcl meg kell t\u00e9r\u00edteni a sz\u00e1ll\u00e1sad\u00f3nak.<\/p>\n\n\n\n<p><strong>12<\/strong>. Amennyiben a tart\u00f3zkod\u00e1s alatt a vend\u00e9gh\u00e1zban, szob\u00e1val kapcsolatban b\u00e1rmilyen probl\u00e9ma felmer\u00fcl, k\u00e9rj\u00fck, halad\u00e9ktalanul \u00e9rtes\u00edtse arr\u00f3l a sz\u00e1ll\u00e1sad\u00f3t. Ut\u00f3lagos reklam\u00e1ci\u00f3t nem \u00e1ll m\u00f3dunkban elfogadni!<\/p>\n\n\n\n<p><strong>13<\/strong>. A sz\u00e1ll\u00e1shelyen hagyott \u00e9rt\u00e9kek\u00e9rt a sz\u00e1ll\u00e1sad\u00f3 nem v\u00e1llal felel\u0151ss\u00e9get.&nbsp;&nbsp;&nbsp;&nbsp;&nbsp;&nbsp;&nbsp;&nbsp;&nbsp;&nbsp;&nbsp;&nbsp;&nbsp;&nbsp;&nbsp;&nbsp;&nbsp;&nbsp;&nbsp;&nbsp;&nbsp;&nbsp;&nbsp;&nbsp;&nbsp;&nbsp;&nbsp;&nbsp;&nbsp;&nbsp;&nbsp;&nbsp;&nbsp;&nbsp;&nbsp;&nbsp;&nbsp;&nbsp;&nbsp;&nbsp;&nbsp;&nbsp;&nbsp;&nbsp;&nbsp;&nbsp;&nbsp;&nbsp;&nbsp;&nbsp;&nbsp;&nbsp;&nbsp;&nbsp;&nbsp;&nbsp;&nbsp;&nbsp;&nbsp;&nbsp;&nbsp;&nbsp;&nbsp;&nbsp;&nbsp;&nbsp;&nbsp;&nbsp;&nbsp;&nbsp;&nbsp;&nbsp;&nbsp;&nbsp;&nbsp;&nbsp;&nbsp;&nbsp;&nbsp;&nbsp;&nbsp;&nbsp;&nbsp;&nbsp;&nbsp;&nbsp;&nbsp;&nbsp;&nbsp;&nbsp;&nbsp;&nbsp;&nbsp;&nbsp;&nbsp;&nbsp;&nbsp;&nbsp;&nbsp;&nbsp;&nbsp;&nbsp;&nbsp;&nbsp;&nbsp;&nbsp;&nbsp;&nbsp;&nbsp;&nbsp;&nbsp;&nbsp;&nbsp;&nbsp;&nbsp;&nbsp;&nbsp;&nbsp;&nbsp;&nbsp;&nbsp;&nbsp;&nbsp;&nbsp;&nbsp;&nbsp;&nbsp;&nbsp;&nbsp;&nbsp;&nbsp;&nbsp;&nbsp;&nbsp;&nbsp;&nbsp;&nbsp;&nbsp;&nbsp;&nbsp;&nbsp;&nbsp;&nbsp;&nbsp;&nbsp;&nbsp;&nbsp;&nbsp;&nbsp;&nbsp;&nbsp;&nbsp;&nbsp;&nbsp;&nbsp;&nbsp;&nbsp;&nbsp;&nbsp;&nbsp;&nbsp;&nbsp;&nbsp;&nbsp;&nbsp;&nbsp;&nbsp;&nbsp; &nbsp;&nbsp;&nbsp;<\/p>\n\n\n\n<p><strong>14<\/strong>. Amennyiben a vend\u00e9g 30 napon t\u00fal tart\u00f3zkodik a sz\u00e1ll\u00e1shelyen, arra k\u00fcl\u00f6n<br>meg\u00e1llapod\u00e1s vonatkozik.<\/p>\n\n\n\n<p><strong>15<\/strong>. Az Apartmanba t\u00f6rt\u00e9n\u0151 be- \u00e9s kijut\u00e1st a sz\u00e1ll\u00e1sad\u00f3 biztos\u00edtja a kulcsok \u00e1tad\u00e1s\u00e1val.<\/p>\n\n\n\n<p><strong>16<\/strong>. Szobafoglal\u00e1s eset\u00e9n a sz\u00e1ll\u00e1sad\u00f3 megmutatja azokat a helyis\u00e9geket, amelyeket a vend\u00e9gek haszn\u00e1lhatnak, illetve t\u00e1j\u00e9koztat\u00e1st ad az \u00e1ltala biztos\u00edtott szolg\u00e1ltat\u00e1sokr\u00f3l.<\/p>\n\n\n\n<p><strong>17<\/strong>. A sz\u00e1ll\u00e1sd\u00edj tartalmazza a k\u00f6z\u00fczemi d\u00edjakat \u00e9s egy\u00e9b rezsi k\u00f6lts\u00e9geket, az \u00e1gynem\u0171t huzattal, t\u00f6r\u00fclk\u00f6z\u0151ket, f\u00fcrd\u0151szobai bek\u00e9sz\u00edt\u00e9st, k\u00e1v\u00e9kapszula \u00e9s tea bek\u00e9sz\u00edt\u00e9st, egy h\u00e9ten t\u00fali tart\u00f3zkod\u00e1s eset\u00e9n heti \u00e1gynem\u0171cser\u00e9t, valamint a v\u00e9gs\u0151 takar\u00edt\u00e1st.<\/p>\n\n\n\n<p><strong>18<\/strong>. T\u0171z eset\u00e9n az apartmanban tal\u00e1l porolt\u00f3 k\u00e9sz\u00fcl\u00e9ket, azonnal kezdje a ment\u00e9st \u00e9s h\u00edvja a t\u0171zolt\u00f3kat 105-\u00f6s sz\u00e1mon, majd azt k\u00f6vet\u0151en a sz\u00e1ll\u00e1sad\u00f3t!<\/p>\n\n\n\n<p><strong>21<\/strong>.&nbsp;<strong>Az apartmanban doh\u00e1nyozni tilos<\/strong>! A doh\u00e1nyz\u00e1s az udvaron a kijel\u00f6lt helyen t\u00f6rt\u00e9nhet!<\/p>\n\n\n\n<p><strong>22<\/strong>. A h\u00e1ztart\u00e1si szem\u00e9t gy\u0171jt\u00e9se a konyh\u00e1ban tal\u00e1lhat\u00f3 szemetesben lehet.<br>Amennyiben azok megtelnek az udvaron l\u00e9v\u0151 kuk\u00e1ba helyezz\u00e9k el azokat!<br><br><strong>23<\/strong>. Az apartman j\u00f3l felszerelt konyh\u00e1val rendelkezik. K\u00e9rj\u00fck a tisztas\u00e1gra \u00fcgyelni! A mikrohull\u00e1m\u00fa s\u00fct\u0151be f\u00e9met tartalmaz\u00f3 ed\u00e9nyt ne tegyen be!<br>Az elektromos berendez\u00e9seket ne hagyja \u00e1ram alatt, amikor haszn\u00e1laton k\u00edv\u00fcl van!<\/p>\n\n\n\n<p>WIFI: Csodavolgy_apartmanok<\/p>\n\n\n\n<p><\/p>\n\n\n\n<p>B\u00e1rmilyen k\u00e9rd\u00e9s eset\u00e9n sz\u00edvesen \u00e1llunk rendelkez\u00e9s\u00e9re!<\/p>\n\n\n\n<p>J\u00f3 pihen\u00e9st k\u00edv\u00e1nunk!<\/p>\n\n\n\n<p>Holl\u00f3 Csal\u00e1d<\/p>\n\n\n\n<p><strong>+36 70&nbsp;619 4512<\/strong><\/p>\n\n\n\n<p>csodavolgy@gmail.com<\/p>\n","protected":false},"excerpt":{"rendered":"<p>A Csodav\u00f6lgy Apartmanok \u00fcdv\u00f6zli \u00d6nt vend\u00e9gei k\u00f6r\u00e9ben. -A megadott \u00e9rkez\u00e9si\/elutaz\u00e1si id\u0151pontban a tulajdonos vagy az apartman &nbsp;k\u00e9pvisel\u0151je jelen van (ig\u00e9ny eset\u00e9n) -24 \u00f3r\u00e1s \u00fcgyeleti szolg\u00e1ltat\u00e1s telefonon: +36 70&nbsp;619 4512 -Takar\u00edt\u00e1s hetente egyszer \u00e1gynem\u0171 \u00e9s t\u00f6r\u00f6lk\u00f6z\u0151 cser\u00e9vel 1. \u00c9rkez\u00e9skor a bejelent\u00e9s &hellip; <a href=\"https:\/\/csodavolgy.hu\/?page_id=282\">Read More<\/a><\/p>\n","protected":false},"author":1,"featured_media":0,"parent":0,"menu_order":10,"comment_status":"closed","ping_status":"closed","template":"","meta":{"ngg_post_thumbnail":0},"_links":{"self":[{"href":"https:\/\/csodavolgy.hu\/index.php?rest_route=\/wp\/v2\/pages\/282"}],"collection":[{"href":"https:\/\/csodavolgy.hu\/index.php?rest_route=\/wp\/v2\/pages"}],"about":[{"href":"https:\/\/csodavolgy.hu\/index.php?rest_route=\/wp\/v2\/types\/page"}],"author":[{"embeddable":true,"href":"https:\/\/csodavolgy.hu\/index.php?rest_route=\/wp\/v2\/users\/1"}],"replies":[{"embeddable":true,"href":"https:\/\/csodavolgy.hu\/index.php?rest_route=%2Fwp%2Fv2%2Fcomments&post=282"}],"version-history":[{"count":6,"href":"https:\/\/csodavolgy.hu\/index.php?rest_route=\/wp\/v2\/pages\/282\/revisions"}],"predecessor-version":[{"id":332,"href":"https:\/\/csodavolgy.hu\/index.php?rest_route=\/wp\/v2\/pages\/282\/revisions\/332"}],"wp:attachment":[{"href":"https:\/\/csodavolgy.hu\/index.php?rest_route=%2Fwp%2Fv2%2Fmedia&parent=282"}],"curies":[{"name":"wp","href":"https:\/\/api.w.org\/{rel}","templated":true}]}}